d 8722910?
70
What is the highest common divisor of 645 and 92745840?
645
Calculate the highest common factor of 513293 and 561.
11
What is the highest common divisor of 1134168 and 44604?
84
Calculate the greatest common divisor of 41247635 and 130.
65
Calculate the highest common divisor of 39103218 and 704.
22
Calculate the greatest common divisor of 5531331 and 234.
39
Calculate the highest common divisor of 23 and 88882695.
23
What is the greatest common divisor of 65170 and 57000?
190
What is the highest common factor of 38658 and 544278868?
12886
What is the highest common factor of 1388 and 51706817?
347
What is the highest common factor of 36 and 2043675?
9
What is the highest common divisor of 42 and 221921966?
14
Calculate the greatest common factor of 3483 and 973782.
81
Calculate the greatest common factor of 3240 and 489315.
15
What is the highest common factor of 1344 and 13307343?
21
What is the greatest common factor of 104352 and 544?
32
Calculate the highest common factor of 1188 and 3724326.
54
What is the highest common factor of 927434809 and 49?
49
What is the greatest common divisor of 13762 and 40642?
14
What is the greatest common divisor of 4878302 and 1144?
286
What is the greatest common factor of 2016 and 8155980?
252
What is the greatest common factor of 33632 and 54232?
8
Calculate the highest common divisor of 10964734 and 198.
22
Calculate the greatest common divisor of 34 and 2629915759.
17
Calculate the greatest common factor of 129643563 and 56616.
7077
Calculate the greatest common divisor of 133591190 and 20814.
6938
What is the greatest common divisor of 840 and 25566?
6
Calculate the greatest common divisor of 17323 and 123299.
1019
Calculate the greatest common divisor of 46293 and 6273295.
1187
Calculate the highest common divisor of 29766 and 6874593.
1353
What is the greatest common factor of 1617 and 585959?
11
What is the greatest common factor of 70416 and 859464?
216
Calculate the greatest common divisor of 308639415 and 5221.
5221
What is the highest common divisor of 60441503 and 4613?
659
Calculate the greatest common factor of 5733 and 1002466647.
5733
Calculate the highest common factor of 16 and 1612412.
4
What is the greatest common factor of 7681 and 373?
1
What is the greatest common divisor of 286 and 665852?
22
What is the highest common divisor of 430 and 261490?
10
What is the greatest common factor of 680400 and 40095?
1215
What is the greatest common factor of 2 and 15317343?
1
What is the greatest common factor of 8190648 and 144?
72
Calculate the greatest common factor of 240126930 and 45.
45
Calculate the highest common factor of 3692 and 35618641.
71
Calculate the highest common factor of 6467521 and 118.
59
Calculate the greatest common factor of 37060260 and 24780.
3540
What is the highest common divisor of 4891 and 10728442?
67
Calculate the highest common factor of 383424 and 388.
4
What is the greatest common divisor of 21426815 and 485?
485
Calculate the highest common factor of 43928610 and 150.
30
What is the greatest common factor of 145465 and 9000260?
3095
What is the greatest common divisor of 2958 and 72546?
6
What is the greatest common divisor of 19 and 717227827?
19
Calculate the greatest common factor of 51 and 63029217.
51
Calculate the greatest common divisor of 8184092 and 35.
7
What is the greatest common factor of 21010 and 168070?
10
What is the greatest common factor of 1343 and 76321426?
79
Calculate the highest common factor of 442062522 and 9.
9
Calculate the highest common divisor of 68384505 and 105.
105
Calculate the greatest common factor of 146065 and 137145.
1115
Calculate the greatest common factor of 2302 and 1275007589.
1151
What is the highest common factor of 4032 and 1257312?
672
Calculate the highest common factor of 9360 and 1255860.
180
What is the greatest common divisor of 21216 and 2317536?
1248
Calculate the greatest common divisor of 3227 and 243099591.
3227
Calculate the greatest common factor of 40625 and 425875.
125
Calculate the greatest common factor of 148 and 24624499.
37
Calculate the greatest common divisor of 2996206 and 352262.
3958
What is the greatest common divisor of 54560 and 16245152?
352
What is the greatest common divisor of 309379 and 546?
7
Calculate the greatest common divisor of 16524 and 450.
18
Calculate the greatest common factor of 305357 and 1548859.
3679
Calculate the greatest common divisor of 5695616 and 32.
32
What is the highest common factor of 186493 and 2982402?
743
What is the highest common factor of 129056 and 6104?
872
What is the greatest common factor of 572 and 967052372?
572
Calculate the highest common factor of 50544 and 2410317.
3159
Calculate the greatest common divisor of 71 and 12515667.
71
What is the highest common divisor of 210 and 8170365?
105
Calculate the greatest common factor of 533458011 and 17.
17
Calculate the greatest common factor of 3563652 and 36.
12
What is the highest common factor of 219555 and 2422485?
1845
What is the highest common factor of 5347932 and 17673?
411
What is the highest common factor of 288 and 992352?
96
What is the greatest common divisor of 109245 and 6?
3
What is the greatest common factor of 80104815 and 6525?
1305
Calculate the highest common divisor of 4570 and 320322725.
2285
What is the greatest common factor of 4648545 and 8055?
45
Calculate the highest common factor of 1214 and 15195031.
607
What is the greatest common factor of 280195300 and 30800?
7700
Calculate the greatest common factor of 328820 and 28471.
401
Calculate the highest common divisor of 351084 and 28356.
204
Calculate the highest common factor of 45756 and 58425984.
1476
Calculate the highest common factor of 14 and 556720619.
7
Calculate the greatest common factor of 279 and 24789615.
93
Calculate the greatest common factor of 584040 and 260.
20
Calculate the highest common factor of 4090 and 552880.
10
Calculate the highest common factor of 8424 and 20048184.
936
Calculate the highest common divisor of 21165866 and 3.
1
Calculate the highest common divisor of 3391 and 1493.
1
Calculate the greatest common factor of 4119 and 83718675.
4119
Calculate the highest common divisor of 1372 and 42732312.
1372
Calculate the greatest common factor of 2698 and 93897145.
1349
What is the greatest common divisor of 3283610 and 20?
10
Calculate the greatest common factor of 5177806 and 31.
31
What is the highest common factor of 243 and 2274066?
9
Calculate the greatest common divisor of 534696 and 1416.
24
What is the highest common divisor of 433620358 and 604?
302
What is the greatest common divisor of 50050 and 465724?
14
Calculate the greatest common divisor of 4245040 and 564.
188
Calculate the greatest common divisor of 122 and 14374223.
61
What is the greatest common divisor of 72 and 200926788?
12
What is the highest common factor of 48192322 and 17708?
8854
Calculate the highest common factor of 160 and 10976.
32
Calculate the greatest common factor of 725652 and 612.
36
What is the highest common divisor of 60395321 and 119?
7
What is the greatest common divisor of 2324920423 and 217?
217
What is the highest common factor of 1341006 and 318?
318
What is the greatest common divisor of 441444424 and 326?
326
What is the greatest common factor of 998972 and 64116?
52
What is the greatest common factor of 136924856 and 24199?
3457
Calculate the highest common factor of 536804 and 68876.
268
What is the greatest common divisor of 195 and 14627400?
15
What is the greatest common factor of 69225606 and 1005?
201
What is the highest common factor of 3189 and 104972313?
3189
Calculate the greatest common divisor of 10 and 76438620.
10
What is the greatest common divisor of 61264259 and 343?
343
What is the greatest common factor of 629934 and 132258?
402
What is the highest common divisor of 32 and 352638712?
8
Calculate the highest common factor of 239367 and 1120477.
73
What is the highest common factor of 108876228 and 24140?
4828
What is the greatest common factor of 16797 and 6587478?
1527
Calculate the highest common divisor of 100 and 19772950.
50
What is the highest common divisor of 23964153 and 78822?
453
Calculate the greatest common factor of 998790 and 585.
19